9
What are the prime factors of 45646?
2, 29, 787
List the prime factors of 12730.
2, 5, 19, 67
List the prime factors of 58328.
2, 23, 317
What are the prime factors of 934?
2, 467
What are the prime factors of 146734?
2, 7, 47, 223
What are the prime factors of 5415?
3, 5, 19
What are the prime factors of 130?
2, 5, 13
What are the prime factors of 2771?
17, 163
What are the prime factors of 5671?
53, 107
List the prime factors of 11302.
2, 5651
What are the prime factors of 935?
5, 11, 17
What are the prime factors of 2723?
7, 389
List the prime factors of 39521.
39521
List the prime factors of 1921.
17, 113
What are the prime factors of 16520?
2, 5, 7, 59
What are the prime factors of 19120?
2, 5, 239
What are the prime factors of 1338?
2, 3, 223
List the prime factors of 948.
2, 3, 79
List the prime factors of 31428.
2, 3, 97
What are the prime factors of 47018?
2, 23509
What are the prime factors of 44942?
2, 23, 977
List the prime factors of 7968.
2, 3, 83
What are the prime factors of 587?
587
List the prime factors of 1069.
1069
List the prime factors of 5863.
11, 13, 41
What are the prime factors of 1655?
5, 331
What are the prime factors of 39230?
2, 5, 3923
List the prime factors of 1186.
2, 593
What are the prime factors of 224?
2, 7
List the prime factors of 27247.
11, 2477
List the prime factors of 7491.
3, 11, 227
What are the prime factors of 1147?
31, 37
What are the prime factors of 37700?
2, 5, 13, 29
List the prime factors of 68624.
2, 4289
What are the prime factors of 20668?
2, 5167
List the prime factors of 22136.
2, 2767
What are the prime factors of 8107?
11, 67
List the prime factors of 20932.
2, 5233
List the prime factors of 2263.
31, 73
What are the prime factors of 2898?
2, 3, 7, 23
List the prime factors of 51157.
51157
What are the prime factors of 4279?
11, 389
What are the prime factors of 997?
997
What are the prime factors of 3173?
19, 167
List the prime factors of 5925.
3, 5, 79
What are the prime factors of 93438?
2, 3, 29, 179
What are the prime factors of 46009?
139, 331
List the prime factors of 676.
2, 13
What are the prime factors of 8588?
2, 19, 113
List the prime factors of 14188.
2, 3547
What are the prime factors of 8188?
2, 23, 89
What are the prime factors of 2694?
2, 3, 449
List the prime factors of 54533.
23, 2371
List the prime factors of 1078.
2, 7, 11
What are the prime factors of 12559?
19, 661
List the prime factors of 28919.
11, 239
What are the prime factors of 1459?
1459
What are the prime factors of 2401?
7
List the prime factors of 612.
2, 3, 17
List the prime factors of 2475.
3, 5, 11
What are the prime factors of 8758?
2, 29, 151
What are the prime factors of 492?
2, 3, 41
List the prime factors of 28385.
5, 7, 811
List the prime factors of 8606.
2, 13, 331
List the prime factors of 30561.
3, 61, 167
What are the prime factors of 6018?
2, 3, 17, 59
List the prime factors of 76351.
11, 631
List the prime factors of 67002.
2, 3, 13, 859
What are the prime factors of 6106?
2, 43, 71
What are the prime factors of 357?
3, 7, 17
What are the prime factors of 62732?
2, 15683
List the prime factors of 14462.
2, 7, 1033
What are the prime factors of 490?
2, 5, 7
What are the prime factors of 6592?
2, 103
What are the prime factors of 6518?
2, 3259
What are the prime factors of 1896?
2, 3, 79
List the prime factors of 861.
3, 7, 41
What are the prime factors of 529?
23
What are the prime factors of 2706?
2, 3, 11, 41
List the prime factors of 35.
5, 7
List the prime factors of 8881.
83, 107
What are the prime factors of 9760?
2, 5, 61
List the prime factors of 3010.
2, 5, 7, 43
List the prime factors of 64477.
7, 61, 151
What are the prime factors of 10459?
10459
What are the prime factors of 8172?
2, 3, 227
List the prime factors of 526.
2, 263
What are the prime factors of 1304?
2, 163
What are the prime factors of 333?
3, 37
List the prime factors of 18922.
2, 9461
What are the prime factors of 39756?
2, 3, 3313
What are the prime factors of 72430?
2, 5, 7243
What are the prime factors of 126988?
2, 53, 599
What are the prime factors of 120060?
2, 3, 5, 23, 29
What are the prime factors of 125647?
17, 19, 389
List the prime factors of 14253.
3, 4751
List the prime factors of 96454.
2, 29, 1663
List the prime factors of 3527.
3527
What are the prime factors of 734?
2, 367
What are the prime factors of 17952?
2, 3, 11, 17
What are the prime factors of 1641?
3, 547
What are the prime factors of 342?
2, 3, 19
What are the prime factors of 2233?
7, 11, 29
What are the prime factors of 73853?
13, 19, 23
List the prime factors of 18277.
7, 373
What are the prime factors of 322?
2, 7, 23
What are the prime factors of 523?
523
List the prime factors of 31963.
31963
What are the prime factors of 1354?
2, 677
List the prime factors of 17239.
17239
What are the prime factors of 4000?
2, 5
List the prime factors of 1114.
2, 557
List the prime factors of 6509.
23, 283
List the prime factors of 1141.
7, 163
List the prime factors of 85231.
29, 2939
What are the prime factors of 13328?
2, 7, 17
What are the prime factors of 84155?
5, 16831
List the prime factors of 2981.
11, 271
List the prime factors of 28979.
28979
What are the prime factors of 8719?
8719
List the prime factors of 29618.
2, 59, 251
What are the prime factors of 13533?
3, 13, 347
What are the prime factors of 13018?
2, 23, 283
What are the prime factors of 80?
2, 5
List the prime factors of 23583.
3, 7, 1123
List the prime factors of 1910.
2, 5, 191
List the prime factors of 1227.
3, 409
List the prime factors of 10232.
2, 1279
What are the prime factors of 52836?
2, 3, 7, 17, 37
List the prime factors of 4645.
5, 929
List the prime factors of 19597.
19597
What are the prime factors of 58624?
2, 229
List the prime factors of 3256.
2, 11, 37
List the prime factors of 40794.
2, 3, 13, 523
What are the prime factors of 425?
5, 17
What are the prime factors of 22028?
2, 5507
What are the prime factors of 568?
2, 71
List the prime factors of 117627.
3, 39209
What are the prime factors of 2059?
29, 71
List the prime factors of 103710.
2, 3, 5, 3457
List the prime factors of 5742.
2, 3, 11, 29
What are the prime factors of 19726?
2, 7, 1409
What are the prime factors of 12903?
3, 11, 17, 23
What are the prime factors of 5135?
5, 13, 79
What are the prime factors of 4906?
2, 11, 223
What are the prime factors of 3414?
2, 3, 569
What are the prime factors of 245?
5, 7
List the prime factors of 43324.
2, 10831
What are the prime factors of 1761?
3, 587
What are the prime factors of 1325?
5, 53
What are the prime factors of 594?
2, 3, 11
What are the prime factors of 3108?
2, 3, 7, 37
What are the prime factors of 1186?
2, 593
List the prime factors of 3018.
2, 3, 503
List the prime factors of 1646.
2, 823
List the prime factors of 1660.
2, 5, 83
What are the prime factors of 31907?
31907
List the prime factors of 6579.
3, 17, 43
What are the prime factors of 58644?
2, 3, 181
What are the prime factors of 4446?
2, 3, 13, 19
What are the prime factors of 6276?
2, 3, 523
List the prime factors of 20409.
3, 6803
List the prime factors of 1487.
1487
What are the prime factors of 108421?
108421
List the prime factors of 2467.
2467
What are the prime factors of 7267?
13, 43
What are the prime factors of 14305?
5, 2861
List the prime factors of 3878.
2, 7, 277
What are the prime factors of 35594?
2, 13, 37
List the prime factors of 194.
2, 97
What are the prime factors of 1460?
2, 5, 73
What are the prime factors of 4775?
5, 191
What are the prime factors of 23465?
5, 13, 19
List the prime factors of 46382.
2, 7, 3313
List the prime factors of 6139.
7, 877
List the prime factors of 89664.
2, 3, 467
What are the prime factors of 8617?
7, 1231
List the prime factors of 11721.
3, 3907
List the prime factors of 809.
809
List the prime factors of 7307.
7307
What are the prime factors of 774?
2, 3, 43
List the prime factors of 7259.
7, 17, 61
List the prime factors of 22268.
2, 19, 293
What are the prime factors of 2287?
2287
What are the prime factors of 1957?
19, 103
What are the prime factors of 2054?
2, 13, 79
What are the prime factors of 1610?
2, 5, 7, 23
List the prime factors of 4500.
2, 3, 5
What are the prime factors of 211?
211
What are the pr